 divided by 166.
58
What is the remainder when 534147 is divided by 75?
72
What is the remainder when 629 is divided by 625?
4
Calculate the remainder when 5548 is divided by 297.
202
What is the remainder when 10555 is divided by 3240?
835
Calculate the remainder when 100670 is divided by 8.
6
Calculate the remainder when 1294598 is divided by 13.
6
Calculate the remainder when 794924 is divided by 75.
74
What is the remainder when 21969 is divided by 21958?
11
What is the remainder when 128567 is divided by 56?
47
What is the remainder when 339018 is divided by 1012?
1010
What is the remainder when 9871 is divided by 580?
11
Calculate the remainder when 57685 is divided by 222.
187
What is the remainder when 2114 is divided by 15?
14
What is the remainder when 348782 is divided by 69753?
17
What is the remainder when 5879 is divided by 14?
13
Calculate the remainder when 4998 is divided by 4722.
276
What is the remainder when 5435 is divided by 1461?
1052
Calculate the remainder when 496 is divided by 103.
84
What is the remainder when 34686 is divided by 609?
582
Calculate the remainder when 54279 is divided by 59.
58
What is the remainder when 5225 is divided by 1735?
20
What is the remainder when 37399 is divided by 374?
373
Calculate the remainder when 16365 is divided by 129.
111
Calculate the remainder when 3948 is divided by 298.
74
What is the remainder when 3527 is divided by 1702?
123
Calculate the remainder when 5231214 is divided by 2095.
2094
Calculate the remainder when 12813 is divided by 6404.
5
Calculate the remainder when 3894 is divided by 322.
30
What is the remainder when 29938 is divided by 64?
50
What is the remainder when 526 is divided by 179?
168
What is the remainder when 5579 is divided by 30?
29
Calculate the remainder when 2094 is divided by 1937.
157
What is the remainder when 16907 is divided by 60?
47
What is the remainder when 7833 is divided by 224?
217
Calculate the remainder when 251130 is divided by 39.
9
What is the remainder when 1286 is divided by 127?
16
What is the remainder when 377279 is divided by 82?
79
Calculate the remainder when 335992 is divided by 55997.
10
What is the remainder when 8103 is divided by 405?
3
What is the remainder when 45934 is divided by 6562?
0
What is the remainder when 17040 is divided by 13?
10
Calculate the remainder when 790243 is divided by 15.
13
What is the remainder when 87230 is divided by 79?
14
What is the remainder when 106341 is divided by 8?
5
What is the remainder when 12367 is divided by 6175?
17
Calculate the remainder when 204037 is divided by 50992.
69
What is the remainder when 12607 is divided by 12492?
115
Calculate the remainder when 23331 is divided by 753.
741
What is the remainder when 97324 is divided by 1232?
1228
Calculate the remainder when 40798 is divided by 67.
62
Calculate the remainder when 6145 is divided by 836.
293
What is the remainder when 121759 is divided by 60874?
11
What is the remainder when 29453 is divided by 10?
3
What is the remainder when 3585 is divided by 45?
30
Calculate the remainder when 3446 is divided by 32.
22
Calculate the remainder when 15686 is divided by 21.
20
What is the remainder when 6288 is divided by 126?
114
What is the remainder when 5669 is divided by 172?
165
What is the remainder when 2849900 is divided by 7?
4
What is the remainder when 20511 is divided by 25?
11
Calculate the remainder when 224752 is divided by 322.
318
What is the remainder when 679388 is divided by 43?
31
What is the remainder when 183525 is divided by 22939?
13
Calculate the remainder when 32686 is divided by 27.
16
What is the remainder when 679 is divided by 608?
71
What is the remainder when 1745819 is divided by 869?
867
What is the remainder when 2771 is divided by 82?
65
What is the remainder when 51288 is divided by 10256?
8
Calculate the remainder when 67445 is divided by 878.
717
Calculate the remainder when 8587 is divided by 4250.
87
What is the remainder when 102915 is divided by 25706?
91
What is the remainder when 135234 is divided by 19?
11
What is the remainder when 1318 is divided by 1268?
50
Calculate the remainder when 133431 is divided by 18.
15
What is the remainder when 230027 is divided by 9?
5
Calculate the remainder when 48900 is divided by 627.
621
Calculate the remainder when 53891 is divided by 2566.
5
Calculate the remainder when 360669 is divided by 208.
205
Calculate the remainder when 645451 is divided by 773.
769
What is the remainder when 7962 is divided by 795?
12
What is the remainder when 18147 is divided by 55?
52
What is the remainder when 18220 is divided by 160?
140
Calculate the remainder when 14644 is divided by 603.
172
Calculate the remainder when 6606 is divided by 15.
6
What is the remainder when 5801 is divided by 967?
966
What is the remainder when 3157 is divided by 10?
7
What is the remainder when 15122 is divided by 27?
2
Calculate the remainder when 1325791 is divided by 19.
9
Calculate the remainder when 8189 is divided by 10.
9
What is the remainder when 816814 is divided by 462?
460
Calculate the remainder when 236991 is divided by 6.
3
Calculate the remainder when 45563 is divided by 186.
179
What is the remainder when 304977 is divided by 367?
0
What is the remainder when 925168 is divided by 377?
10
Calculate the remainder when 384243 is divided by 492.
483
Calculate the remainder when 94176 is divided by 217.
215
Calculate the remainder when 7854 is divided by 23.
11
Calculate the remainder when 7951 is divided by 102.
97
What is the remainder when 363533 is divided by 121160?
53
What is the remainder when 841785 is divided by 293?
289
What is the remainder when 6258 is divided by 702?
642
What is the remainder when 80554 is divided by 848?
842
What is the remainder when 37482 is divided by 2675?
32
What is the remainder when 1986 is divided by 36?
6
What is the remainder when 4466 is divided by 444?
26
What is the remainder when 2479 is divided by 179?
152
Calculate the remainder when 7638 is divided by 1496.
158
What is the remainder when 692745 is divided by 46?
31
What is the remainder when 28159 is divided by 5612?
99
What is the remainder when 1027 is divided by 455?
117
Calculate the remainder when 1046 is divided by 30.
26
Calculate the remainder when 13204 is divided by 61.
28
What is the remainder when 2387568 is divided by 22?
18
Calculate the remainder when 116930 is divided by 23.
21
Calculate the remainder when 1972 is divided by 1769.
203
What is the remainder when 2833 is divided by 1306?
221
Calculate the remainder when 13275 is divided by 2654.
5
What is the remainder when 2693 is divided by 180?
173
Calculate the remainder when 119733 is divided by 119729.
4
Calculate the remainder when 813 is divided by 78.
33
Calculate the remainder when 6655 is divided by 824.
63
Calculate the remainder when 15984 is divided by 5218.
330
What is the remainder when 4357 is divided by 533?
93
Calculate the remainder when 3343 is divided by 195.
28
What is the remainder when 464 is divided by 62?
30
What is the remainder when 7283 is divided by 820?
723
Calculate the remainder when 3431 is divided by 497.
449
What is the remainder when 257 is divided by 58?
25
Calculate the remainder when 173122 is divided by 152.
146
What is the remainder when 688 is divided by 171?
4
Calculate the remainder when 756 is divided by 173.
64
What is the remainder when 13220 is divided by 745?
555
What is the remainder when 2972 is divided by 32?
28
What is the remainder when 233652 is divided by 817?
807
Calculate the remainder when 962 is divided by 107.
106
What is the remainder when 593 is divided by 314?
279
Calculate the remainder when 126186 is divided by 67.
25
What is the remainder when 19199 is divided by 237?
2
What is the remainder when 1124 is divided by 337?
113
Calculate the remainder when 74381 is divided by 77.
76
Calculate the remainder when 27542 is divided by 63.
11
Calculate the remainder when 10646 is divided by 674.
536
Calculate the remainder when 2482725 is divided by 141.
138
Calculate the remainder when 3190 is divided by 637.
5
Calculate the remainder when 115 is divided by 37.
4
What is the remainder when 9398 is divided by 4681?
36
What is the remainde